 r*a - 3*a. What are the prime factors of a?
2, 7
Suppose -2*k = -3*a + 3135, -k = -9*a + 6*a + 1563. Let t = k - -2976. List the prime factors of t.
2, 3, 13
Suppose s = -h + 5661, 24*s = h + 20*s - 5641. What are the prime factors of h?
5657
Let i be 14/112 + (-111)/(-8). Suppose -i*s + 11*s + 165 = 0. List the prime factors of s.
5, 11
Suppose 1636 = -2*h - 13*m + 18871, 2*h - 17340 = 2*m. What are the prime factors of h?
8663
List the prime factors of 7279 + 12 + -12 + -9.
2, 5, 727
Let j = 2557 + -5687. Let p = j + 4499. List the prime factors of p.
37
Suppose 5 = 2*h - p, 1 = -3*p + 4. Let o(l) = 21*l**2 + 14*l - 40. What are the prime factors of o(h)?
191
Let y be 20/(-6)*3 + 2 + -4. Let f be 933*(-1 + (-8)/y). Let h = -221 - f. What are the prime factors of h?
2, 3, 5
Let n(y) = y**2 - 2 + 3*y**2 + y - y**2. Let i be n(2). Suppose i = 5*f - 5*u - 58, 0 = 2*f + 2*u - 8. What are the prime factors of f?
3
Let i(j) = -335 + 42*j + 48*j + 13*j + 324. What are the prime factors of i(4)?
401
Let y(j) = -2*j**2 - j + 51. Let r(g) = 5*g + 6. Let w be r(-4). Let t = w + 14. What are the prime factors of y(t)?
3, 17
Suppose 5*h + 5*h = 30. Suppose -h*s + 96 + 138 = 0. What are the prime factors of s?
2, 3, 13
Let t be -508*(10 + 234/(-24)). Let o(i) = 16*i**3 + 4*i**2 - 2*i - 2. Let y be o(2). Let q = t + y. List the prime factors of q.
11
Let c(a) = 25*a**3 - 3*a**2 + a - 2. Suppose -13*s + 40 + 25 = 0. Suppose -s*w + 5*f = 0, -f - f + 10 = 3*w. What are the prime factors of c(w)?
2, 47
Let f(b) = -3*b**3 + 2*b**2 + 14*b + 9. Let d be 20/(-12)*36/10. List the prime factors of f(d).
3, 5, 43
Let p(s) = 2*s**2 + 20*s. Let j be p(-10). List the prime factors of ((-15)/20)/(4/(-1328) - j).
3, 83
Suppose 64 = -t - 14. Let p be (t/(-4) - -3)*-2. What are the prime factors of (-388)/(-6) - (-30)/p?
2
Let z = 265 + -151. Suppose 3*o - 2*p - 200 = 0, 0 = 3*o - 4*p - 94 - z. List the prime factors of o.
2
What are the prime factors of (-8)/(-8)*2412/6 - -2?
2, 101
Let s be (11 - -37372) + (1 - -5). List the prime factors of s/77 + (-2 - (-30)/21).
5, 97
Let p = -126 + 1974. List the prime factors of p.
2, 3, 7, 11
Let r(i) = 35*i + 6. Let b be r(-3). Let p = b - -104. Suppose 241 = p*j - 99. List the prime factors of j.
2, 17
Let b be (-439028)/(-574) + (0 - (-1)/7). Let t(o) = o**2 + 5*o. Let w be t(-5). Suppose w = j - 4*j + b. List the prime factors of j.
3, 5, 17
Let k = 500 + -494. List the prime factors of ((-3)/2)/((-3)/k).
3
Let a(v) = 694*v - 50. List the prime factors of a(2).
2, 3, 223
Let t(r) = r**2 - 19*r + 5. Let q be t(19). Suppose 4320 = 5*j - 5*h, -2*j - 198 + 1905 = q*h. List the prime factors of j.
3, 7, 41
Suppose 3*v - 12*d = -15*d + 5961, 0 = -5*v - 3*d + 9943. List the prime factors of v.
11, 181
Let y = 30695 + -18606. What are the prime factors of y?
7, 11, 157
Let w = -14761 - -36307. Suppose 11*x + 8*x = w. What are the prime factors of x?
2, 3, 7
Let d = -7572 - -14770. List the prime factors of d.
2, 59, 61
List the prime factors of (-42 - 0)/(0 + 8 - (-499)/(-62)).
2, 7, 31
Suppose -5*m + 18726 = -4*m - 7144. List the prime factors of m.
2, 5, 13, 199
Suppose -4*x + 128549 = 5*i, -2*i + x - 26897 = -78340. List the prime factors of i.
25717
Suppose -2*f + 3*r + 2*r - 321 = 0, -4*f - 5*r = 567. List the prime factors of ((-141)/(-4))/((-37)/f).
3, 47
Let n be (-56)/(-2) + 0 + 0. Let z(o) = 10*o - 286. Let d be z(29). Suppose d*i = 8*i - n. List the prime factors of i.
7
Let v = 97006 + -53184. List the prime factors of v.
2, 21911
What are the prime factors of 7/(147/(-12)) - (1018820/(-70) + 5)?
14549
Let m(w) = -10*w**2 - 3*w - 3. Let v be m(-1). Let x(n) = n**2 + 8*n - 20. Let h be x(v). Let b(d) = 2*d**2 + 8. List the prime factors of b(h).
2
List the prime factors of ((-49848)/930)/((-2)/1685).
2, 67, 337
Let s(f) = f**2 + 11*f - 38. Let p be s(-14). Let i = -6 + p. What are the prime factors of (3/i)/(10/(-1560))?
2, 3, 13
Let v = -1616 - -7909. What are the prime factors of v?
7, 29, 31
Suppose -4*s - 4*d + 368 = 0, 2*d - 6 = -0*d. What are the prime factors of (s/(-4))/(22/(-88))?
89
Let m(t) = 6*t**2 - 1 - t**2 - 6*t**2 - 62*t + 8*t**2. What are the prime factors of m(13)?
2, 47
Suppose 431 - 86 = 5*h + 2*m, 3*h + 5*m - 226 = 0. Suppose -2*w = -3*w + 7. Let x = h - w. What are the prime factors of x?
2, 3, 5
Let m = 28 + -23. Suppose -6 = -h - m. List the prime factors of (-12)/(-15)*20/h.
2
Suppose -5*n = -3*p - 31 - 99, 2*n - 51 = p. Suppose -3*z = -d + 8, -3*z - n = 2*d - 6*d. Suppose g = 4*k, 36 = d*g - 3*g + k. What are the prime factors of g?
2
Let c = -7288 + 16021. List the prime factors of c.
3, 41, 71
Suppose -z = -c - 481, -2396 = -10*z + 5*z - 4*c. Suppose 4*a = -2*y + z, -3*a = a - 2*y - 464. What are the prime factors of a?
2, 59
Let f(r) = r**2 - 9*r + 3. Let k be f(8). List the prime factors of 186 + k + 4*-1.
3, 59
Suppose -4*k - 209019 = -3*c, 2*c - 21*k - 139346 = -17*k. List the prime factors of c.
19, 193
Let b be (((-428)/5)/(-2))/((-22)/110). Let x = 579 + b. What are the prime factors of x?
5, 73
Let u = 200393 - 133399. What are the prime factors of u?
2, 19, 41, 43
Let c(k) = 3*k**2 - k + 7. Let b be (-2)/(-1 - -3 - 4). Suppose -5*r - 24 = b. What are the prime factors of c(r)?
3, 29
Let m(g) = -3*g**2 - 11*g - 7. Let c be m(-3). Let d(f) = -200*f + 8. List the prime factors of d(c).
2, 13
Let s(c) = -13*c**2 - 14*c - 41. Let q(l) = -6*l**2 - 7*l - 20. Let v(t) = 9*q(t) - 4*s(t). Let p be v(-9). Let o = p + 150. List the prime factors of o.
5, 7
Let m(r) = 2*r**2 + 2*r + 117. Suppose 5*w - 16 = w. Suppose 4*v = -w*q - 20, 25 = 4*q + 7*v - 12*v. What are the prime factors of m(q)?
3, 13
Let b(v) be the second derivative of 59*v**3 + 45*v**2 - v - 45. What are the prime factors of b(2)?
2, 3, 7, 19
Let x(v) = -14*v + 35. Let n(t) = t**3 + 4*t**2 + 4*t + 6. Let h be n(-3). Suppose z = h*z + 10. What are the prime factors of x(z)?
3, 5, 7
Suppose -159*t + 99*t = -1329660. List the prime factors of t.
3, 83, 89
Suppose -14*v + 22246 = -11*v - 2*y, 3*v = 4*y + 22244. List the prime factors of v.
2, 3, 103
Let u(g) be the second derivative of -g**6/80 - 43*g**5/120 + 7*g**4/6 - 19*g. Let x(p) be the third derivative of u(p). List the prime factors of x(-6).
11
Let t = 834 - 409. Suppose -568 = -4*i + 4*g, -5*i - 4*g = -t - 294. List the prime factors of i.
11, 13
Let n(x) = 6405*x - 1567. List the prime factors of n(3).
2, 1103
Let g = 299 + -295. Suppose n = -g*h + 243, -3*n + 3*h = -h - 777. List the prime factors of n.
3, 5, 17
Let d(p) = -p + 6. Let n(q) = -2*q + 7. Let i(r) = 5*d(r) - 4*n(r). Let z be i(1). Suppose -z*l = -6*l + 3, l = -f + 46. What are the prime factors of f?
43
Suppose -26*i + 3 = -27*i, -u + 2*i = -345. List the prime factors of u.
3, 113
Suppose -i - v = 1, 5*v - 2 - 2 = 4*i. Let u be (3 + -1)/i*(0 + -1). Suppose 1 = u*g - 29. List the prime factors of g.
3, 5
Let u = 6341 + 3816. List the prime factors of u.
7, 1451
Suppose 3*l + 2391 = n, 0*n = 4*n + 12. Let m = 120 - l. What are the prime factors of m?
2, 3, 17
List the prime factors of 28/(-15 + 28204/1880).
2, 5, 7, 47
Let x = 1059 - 1059. Let d(q) = -q**2 - 8*q - 4. Let w be d(-6). Suppose x = -w*r + 2*r + 324. List the prime factors of r.
2, 3
Suppose -46*i + 213608 + 61563 + 70519 = 0. What are the prime factors of i?
3, 5, 167
Let a(n) = 160*n**3 - 4*n**2 - 16*n + 8. Let i(c) = -160*c**3 + 3*c**2 + 13*c - 8. Let p(o) = 6*a(o) + 7*i(o). What are the prime factors of p(-2)?
2, 5, 127
Let w = -248 + 256. Suppose 0 = -0*x - w*x + 9912. What are the prime factors of x?
3, 7, 59
Suppose -863365 = -74*c - 2*c + 14891. List the prime factors of c.
2, 3, 107
Let k(y) = -4*y**3 - 3*y**2 - 3*y - 1. Let m be k(-1). Let x be 10 - m - (0 - -3). Suppose -3*h = -6, -x*w + h = -3*h - 260. What are the prime factors of w?
67
Let g(j) = 41*j**2 - 81*j + 2568. What are the prime factors of g(32)?
2, 5, 1049
Let f(k) be the first derivative of k**4/4 - 6*k**3 - 17*k**2/2 - 19*k - 209. Suppose 5*y - y - 76 = 0. List the prime factors of f(y).
19
Let n = -4700 - -9202. What are the prime factors of n?
2, 2251
Let z(a) = -a**3 + 12*a**2 + 11*a + 20. Let i be z(13). List the prime factors of 2*99 - 4 - i.
2, 5
Suppose 49881 = 74*n -